. Let m(f) = -2*f + 16. Let y be m(s). Let q(o) = 5*o + o + 187*o**y - 2 - 188*o**2. Give q(5).
3
Let r = 88 - 80. Suppose -r*s - 1 = -7*s. Let p(h) = 9*h**3 + 2*h**2 + 2*h + 1. Give p(s).
-8
Let x(q) = -q**3 + 7*q**2 - 7*q + 12. Let v be x(6). Suppose v = 6*j - 6. Let l(b) = 2*b**3 - 4*b**2 + b + 2. Calculate l(j).
4
Let r = 28 + -9. Suppose 2*f - 3*v + 45 = 0, -3*f - 3*v + 12 = 42. Let n = f + r. Let q(s) = -s - 3. Give q(n).
-7
Let k(d) = -13*d**3 + 44*d**2 - 40*d + 59. Let y(u) = -7*u**3 + 23*u**2 - 20*u + 30. Let o(a) = 6*k(a) - 11*y(a). Calculate o(9).
6
Suppose 14 = 4*j + 6. Let f(n) = -3 + j - 5 - n. Give f(-5).
-1
Suppose -4*c = -0*c. Suppose c = 2*g + 2*g - 24. Let x(i) be the first derivative of i**3/3 - 3*i**2 + i - 360. Calculate x(g).
1
Let i(l) = l**2 - 6*l + 3. Let j(n) = 4*n**2 - 25*n + 13. Let x(o) = o**3 + 22*o**2 + 22*o + 23. Let c be x(-21). Let d(a) = c*j(a) - 9*i(a). Give d(3).
2
Let a(v) be the second derivative of -7*v**3/3 + 197*v - 3. Determine a(-5).
70
Suppose -4*v - 2*m + 4 = 0, 18 - 16 = 4*v + m. Let t(w) = w**3 + 4*w**2 + 4*w. Calculate t(v).
0
Suppose -2*d = -24*i + 25*i + 3, d + 2*i = -6. Let p(l) = 5 - 3 + 2 - l. Determine p(d).
4
Suppose -2*l = 5*r + 380, 190 = -5*l + 4*l + 2*r. Let f = l - -194. Let y(j) = -j**2 + 6*j - 10. Calculate y(f).
-2
Suppose -12*i + 9*i + 213 = 0. Suppose -i = 4*o - 107. Let k(d) = -d - 1. Give k(o).
-10
Let w = 202 - 203. Let y(m) = -14*m**3 + 5*m**2 - 5*m - 6. Let x(a) = -15*a**3 + 6*a**2 - 6*a - 7. Let k(v) = -5*x(v) + 6*y(v). Give k(w).
8
Let f = 6 + -2. Suppose x = -0*r + 5*r + 7, 0 = -f*r - 4. Let v(t) = 5*t - 4*t**x - 3*t**2 - 2 - 4 + 6*t**2. Give v(4).
-2
Let i(a) be the second derivative of a**5/20 - 2*a**4/3 - 2*a**3 + 9*a**2/2 + a + 906. Calculate i(9).
-18
Let x(k) = k**2 + k + 10. Let n(s) = s + 1. Let i(z) = -8*z + 105. Let a be i(13). Let h(c) = a*x(c) - 6*n(c). Let l = 14 + -8. Determine h(l).
10
Let g = 213 + -210. Suppose -1 + 6 = k - g*i, 5*i = 5*k - 15. Let a(d) = -d**2 + 3*d - 3. What is a(k)?
-1
Let x(y) = -55*y**3 + 11*y**3 - 12*y + 43*y**3 + 14*y**2 - 12. Suppose 39 = 2*g + g. Let f be x(g). Let v(k) = 8*k**2 - k. Calculate v(f).
7
Let n(t) = 3*t + 36. Suppose -r - 36 = 2*s, 22*r = -2*s + 17*r - 28. Determine n(s).
-21
Let s(p) = -16*p**2 - 8*p - 7. Let u(m) = -5*m**2 - 102*m - 135. Let v be u(-19). Calculate s(v).
-55
Let k(z) = 8*z - 1. Let i(h) = -h**3 - 17*h**2 - 105*h - 884. Let r be i(-14). Give k(r).
-17
Let y(h) = -15*h**3 + 3*h**2 - 3*h - 5. Suppose 0 = -574*j + 581*j + 7. What is y(j)?
16
Let j(i) be the third derivative of i**6/120 + 4*i**5/15 - 5*i**4/8 + 19*i**3/3 + 35*i**2 - i. What is j(-17)?
4
Let r(m) = -m**3 + 11*m**2 - 3*m + 31. Let l(z) = 188*z + 951. Let v be l(-5). Give r(v).
-2
Suppose 5*r = -p - 11, -3*r + 2 = 4*p - 5. Suppose -p*n + 2 = 22, -5*x + 10 = n. Let c(m) = 3*m - m**2 - 4*m**2 - 2 - m**x + 0*m**3. Give c(-6).
16
Suppose 3*g - 24 = -4*q, g - q = 4*q - 11. Let d be -4*g/48 + 8/6. Suppose 87*x + d = 88*x. Let h(z) = -10*z - 1. Calculate h(x).
-11
Let i(v) be the third derivative of -2/3*v**3 - 1/24*v**4 + 1/120*v**6 + 11 + 1/60*v**5 + 0*v + 2*v**2. Calculate i(0).
-4
Let k(v) be the third derivative of v**5/30 - 29*v**4/12 + 29*v**3/3 + 570*v**2. Give k(28).
2
Suppose -7*f - 12 = 2*k, -f = -0 + 6. Let c(r) = -r + 14. What is c(k)?
-1
Let r(d) = 3*d**3 + 13*d**2 + 2. Let y(p) = -7 + 5*p**3 - 7*p**3 - 11*p**3 - 20*p**2 + p - 33*p**2. Let n(w) = 9*r(w) + 2*y(w). Calculate n(-11).
-18
Let b = -101 - -104. Let p(v) = 118*v**2 - 5*v + b*v - 113*v**2 - v**3 - 2. Determine p(3).
10
Suppose 39*v - 595 = -46*v. Let t(a) = -a**3 + 6*a**2 - 2*a - 9. Give t(v).
-72
Let u(i) be the third derivative of i**7/2520 + i**6/48 + i**5/4 - 68*i**2. Let t(j) be the third derivative of u(j). Calculate t(-10).
-5
Let d(p) = -3*p**3 + p**2 + p - 1. Suppose -i + u + 1 = -3, -12 = -4*i + 3*u. Suppose i = 5*c - c + 12. Let o be (-4)/1*c/6. Give d(o).
-19
Let q = 98 + 56. Let v = -152 + q. Let w(u) = -u. Calculate w(v).
-2
Let p(z) = 252*z - 66 - z**3 - 762*z + 237*z + 32*z**2 + 244*z. What is p(31)?
-4
Let f = 3986 + -3973. Let o(i) = -i**3 + 13*i**2 - 5*i + 60. What is o(f)?
-5
Suppose -22*q = -24*q + 24. Suppose -2*s + 27 = -2*u + 5*u, 0 = -4*s + q. Let p(n) be the second derivative of n**3/3 - 3*n**2/2 + 5*n + 2. What is p(u)?
11
Let o(t) = t**3 + 9*t**2 - 34*t - 19. Let a(x) = x**3 - x**2 - 2*x - 7. Let z(c) = 2*a(c) - o(c). Give z(7).
19
Suppose 0 = 24*d - 270 - 138. Let x(u) = 2*u - 32. What is x(d)?
2
Let u = -2208 - -2212. Let o(n) = 5*n**3 - 3*n**2 - 7*n. Let a(v) = -11*v**3 + 6*v**2 + 15*v - 1. Let y(w) = -4*a(w) - 9*o(w). Give y(u).
0
Let z(j) = j. Let b(x) = -3*x - 3. Let k(v) = -3*b(v) - 12*z(v). Let u(o) = 11*o - 1. Let i be u(1). Calculate k(i).
-21
Let r(b) = -b - 22. Let v be r(-34). Let m(w) = w - 19. Let q be m(v). Let a(n) = n - 5. Determine a(q).
-12
Let d(l) be the third derivative of l**6/120 + l**5/15 - l**4/2 + 7*l**3/6 + 116*l**2. Let o = -154 + 148. Give d(o).
7
Suppose 0 = 3*l + p - 9, -3*l + 6*l = 3*p - 27. Let g(r) = -2*r + 35. Give g(l).
35
Let w(k) = k. Let z(d) = -5*d - 7. Let c be (30/(-20))/((-6)/(-4)). Let l(m) = c*z(m) - 4*w(m). What is l(-6)?
1
Let w(g) = -7*g**3 + 32*g**2 - 22*g - 211. Let n(d) = -3*d**3 + 13*d**2 - 9*d - 87. Let h(x) = 12*n(x) - 5*w(x). Determine h(-4).
3
Suppose 1766*t - 4 = 1769*t - 22. Let b(n) = -18*n + 109. Give b(t).
1
Let v(y) = -9*y - 87. Let d be 12/(-3)*(-1254)/(-456). What is v(d)?
12
Let j(t) be the second derivative of t**5/10 - 47*t**4/12 - 9*t**3/2 + 17*t**2 - 4305*t. What is j(24)?
-38
Let y(n) = -16*n + 1. Let l = 21651 - 21650. What is y(l)?
-15
Let g(u) = -17 + 5355*u + 4 - 5329*u. Give g(2).
39
Suppose -2*l + 4*l = 26. Suppose 41 + 50 = l*r. Let x(h) = -6*h**2 + 5 + 2*h**3 - 4*h - h**3 - 10. What is x(r)?
16
Suppose 2*g - 25*w = -23*w + 20, -3*g = 4*w + 5. Let a(z) = 2*z**3 - 10*z**2 + 5*z - 4. Calculate a(g).
21
Let d(q) = -q**3 - 8*q**2 + 67*q + 532. Let i be d(-9). Let h(r) = r**2 - 7*r - 14. Calculate h(i).
16
Suppose -63*m + 178 = -263. Let y(w) = 5*w - 40. Give y(m).
-5
Let f(o) = -23*o**3 - o**2 + o - 1. Let m = -9196 - -9197. What is f(m)?
-24
Let p(z) = -22*z + 22*z - 4 - 18*z + 16*z - 13. Calculate p(-15).
13
Let i(z) = -17*z**2 - 1. Suppose 5*s + 20 = 0, 3*s = 8*p - 4*p - 16. Suppose 0 = 3*h - w + p, 2*w = -8*h + 3*h - 9. Let m be h/5 + (-66)/(-55). Give i(m).
-18
Let m = -2 + 7. Let r(a) = -25*a**3 - 4*a**2 - 23*a - 20. Let d(i) = -9*i**3 - 2*i**2 - 8*i - 7. Let u(v) = 11*d(v) - 4*r(v). Give u(m).
-2
Let u(y) be the second derivative of y**4/12 + 2*y**3/3 + 11*y**2/2 - 8244*y. What is u(-4)?
11
Let o(f) = -4*f**3 + 15064*f**2 + 2*f**3 + 12 - 6*f - 15053*f**2. Calculate o(5).
7
Let g(m) = m**2 + 20*m - 6. Let t be (-5 + (18 - 13))/(-2). Calculate g(t).
-6
Let v(w) = w**3 + 12*w**2 - 18. Let b(u) = u**2 + 96*u - 2748. Let n be b(-119). Calculate v(n).
103
Let m(a) = -6*a**3 + 2*a**2 - 4*a - 54. Let k(v) = 7*v**3 - v**2 + 3*v + 66. Let j(b) = -5*k(b) - 6*m(b). Let s(y) = -7*y - 1. Let w be s(-1). Give j(w).
12
Let y(g) = g + 4. Let w be (-32)/(-8) - 4*1. Suppose 2*z + 7 + 5 = w. Let k be 0/(-1 + -3 - z). Determine y(k).
4
Let w(l) = 10*l**2 - l**3 - 80374*l - 80379*l + 160754*l. Calculate w(10).
10
Let c be (-20 + 18)*3/(-2). Let i(p) = 5*p - 5. Let b(q) = 15*q - 14. Let x(f) = 4*b(f) - 11*i(f). What is x(c)?
14
Let p(q) be the second derivative of q**7/840 - q**6/144 + q**5/40 - 7*q**4/6 + q**3/3 - 15*q. Let u(t) be the third derivative of p(t). Give u(3).
15
Let f be -35*1*(68/(-14) - -4). Let b = 25 - f. Let i(w) = -4*w**2 - 2 - w**3 + 6*w**3 - 6*w**3 + 5*w. Calculate i(b).
-2
Let c(d) = -d**3 + 6*d**2 - 4*d - 4. Suppose 0 = y + 5*h + 25, 3*y + 5*h = 38 - 53. What is c(y)?
1
Let f(l) = -14*l - 1. Let m(y) = y - 3. Let h be m(7). Suppose v + 5*w - 13 = -0, -2*v = -h*w + 16. Let j be v/(-2 + (6 - 2)). What is f(j)?
13
Let g be ((-7)/(-4))/((-2)/8). Let y(b) = -7*b**3 - 16*b**2 - 23*b - 695. Let o(u) = -3*u**3 - 8*u**2 - 11*u - 280. Let s(m) = 5*o(m) - 2*y(m). Calculate s(g).
4
Let t(v) = 2*v - 35. Let o(i) = 3*i - 59. Let y be o(20). Let s be -134 + 150 - (1 - (y + -1)). What is t(s)?
-5
Let b(z) = -7*z + 1. Let q be (((-40)/28)/1)/(3/(-21)). Let s be ((-3)/(-5))/((